1373
What are the prime factors of 29086996?
2, 23, 61, 71, 73
List the prime factors of 21130095.
3, 5, 7, 61, 3299
List the prime factors of 3594794817.
3, 89, 127, 106013
List the prime factors of 174421000.
2, 5, 13, 13417
What are the prime factors of 99455970?
2, 3, 5, 173, 19163
What are the prime factors of 154486093?
19, 1307, 6221
What are the prime factors of 7091370?
2, 3, 5, 11, 13, 19, 29
List the prime factors of 282964202.
2, 141482101
List the prime factors of 372829917.
3, 467, 266117
What are the prime factors of 1096745078?
2, 11, 13, 107, 35839
What are the prime factors of 547354295?
5, 109470859
What are the prime factors of 24547475?
5, 103, 9533
List the prime factors of 99299624.
2, 19, 601, 1087
What are the prime factors of 98435084?
2, 11, 43, 52027
List the prime factors of 135217565.
5, 7, 313, 12343
List the prime factors of 59926536.
2, 3, 59, 14107
List the prime factors of 907506887.
7, 743, 174487
What are the prime factors of 302660840?
2, 5, 1303, 5807
What are the prime factors of 89255138?
2, 7, 31, 205657
List the prime factors of 3089285763.
3, 28181, 36541
What are the prime factors of 4097824165?
5, 819564833
What are the prime factors of 6706818867?
3, 7, 319372327
What are the prime factors of 7493315?
5, 19, 78877
What are the prime factors of 46579213?
46579213
What are the prime factors of 128550378?
2, 3, 11, 1947733
List the prime factors of 3825600730.
2, 5, 7, 54651439
What are the prime factors of 14800863?
3, 7, 11, 17, 3769
What are the prime factors of 253761313?
13, 71, 274931
List the prime factors of 70900653.
3, 1511, 15641
List the prime factors of 488795398.
2, 7, 13, 2685689
What are the prime factors of 32538174?
2, 3, 29, 41, 4561
What are the prime factors of 31474142?
2, 7, 41, 54833
What are the prime factors of 21779491?
19, 60331
List the prime factors of 5975213814.
2, 3, 331956323
What are the prime factors of 1149384075?
3, 5, 7, 2189303
What are the prime factors of 7778963064?
2, 3, 53, 6115537
What are the prime factors of 1631732215?
5, 263, 1240861
What are the prime factors of 14132079?
3, 13, 43, 53
List the prime factors of 643693435.
5, 7, 11, 47, 35573
What are the prime factors of 1074197060?
2, 5, 23, 2335211
List the prime factors of 105150706.
2, 52575353
What are the prime factors of 3325409150?
2, 5, 7, 73, 157, 829
What are the prime factors of 2244397407?
3, 7, 179, 597073
What are the prime factors of 422557757?
683, 618679
List the prime factors of 404440342.
2, 79, 449, 5701
What are the prime factors of 157490534?
2, 78745267
What are the prime factors of 2497361692?
2, 7, 89191489
List the prime factors of 95154781.
433, 219757
What are the prime factors of 6551852?
2, 1637963
What are the prime factors of 71376577?
97, 563, 1307
What are the prime factors of 38792423?
409, 94847
What are the prime factors of 1199409669?
3, 131, 1017311
What are the prime factors of 19169231?
277, 69203
List the prime factors of 25937331.
3, 7, 349, 3539
What are the prime factors of 28032779?
17, 1648987
What are the prime factors of 94130569?
13, 43, 168391
List the prime factors of 133518722.
2, 3833, 17417
List the prime factors of 131455592.
2, 2939, 5591
List the prime factors of 40194920.
2, 5, 1004873
What are the prime factors of 226490025?
3, 5, 3019867
What are the prime factors of 4362802402?
2, 7, 2003, 155581
List the prime factors of 381979226.
2, 190989613
List the prime factors of 881135025.
3, 5, 157, 74831
List the prime factors of 2998694252.
2, 3121, 240203
List the prime factors of 27723185.
5, 7, 19, 47, 887
What are the prime factors of 3947676831?
3, 7, 6962393
What are the prime factors of 633647063?
7, 90521009
List the prime factors of 17105598.
2, 3, 179, 5309
What are the prime factors of 2433248524?
2, 7, 331, 262543
List the prime factors of 352673944.
2, 7, 6297749
List the prime factors of 662584351.
11, 13, 4633457
List the prime factors of 2259228525.
3, 5, 30123047
List the prime factors of 37653137.
293, 128509
List the prime factors of 553751500.
2, 5, 1107503
List the prime factors of 1684120727.
19, 163, 543791
List the prime factors of 6383391084.
2, 3, 7, 8443639
What are the prime factors of 766207880?
2, 5, 509, 37633
What are the prime factors of 1203271344?
2, 3, 11, 759641
What are the prime factors of 1966089873?
3, 11, 59578481
What are the prime factors of 1721975717?
7, 11, 29, 107, 7207
List the prime factors of 4057910285.
5, 11, 13, 17, 53, 6299
List the prime factors of 1037898288.
2, 3, 7, 107, 9623
List the prime factors of 1052913133.
2467, 426799
List the prime factors of 2982842056.
2, 2909, 128173
What are the prime factors of 48040183?
48040183
What are the prime factors of 20499863?
43, 11087
List the prime factors of 2411227.
7, 13, 26497
List the prime factors of 778732502.
2, 223, 1746037
What are the prime factors of 638026185?
3, 5, 631, 67409
What are the prime factors of 427979529?
3, 211, 225371
What are the prime factors of 49567738?
2, 11, 2253079
List the prime factors of 704902985.
5, 140980597
List the prime factors of 84243627.
3, 13, 97, 571
What are the prime factors of 3465332774?
2, 61, 433, 65599
What are the prime factors of 472910058?
2, 3, 607, 43283
What are the prime factors of 17377918?
2, 31, 127, 2207
List the prime factors of 7347689232.
2, 3, 13, 3373, 3491
What are the prime factors of 1046303645?
5, 2069, 101141
What are the prime factors of 590000061?
3, 7, 28095241
List the prime factors of 219778568.
2, 27472321
List the prime factors of 2556623.
263, 9721
What are the prime factors of 750190485?
3, 5, 11, 4546609
What are the prime factors of 3079748?
2, 7, 19, 827
What are the prime factors of 144420462?
2, 3, 2674453
List the prime factors of 24069156.
2, 3, 2005763
What are the prime factors of 30481564?
2, 7620391
List the prime factors of 98985850.
2, 5, 1979717
List the prime factors of 482552678.
2, 139, 757, 2293
List the prime factors of 1372442724.
2, 3, 191, 66533
What are the prime factors of 3462708065?
5, 13751, 50363
List the prime factors of 47484813.
3, 971, 16301
List the prime factors of 417136487.
23, 18136369
What are the prime factors of 7395581078?
2, 27809, 132971
What are the prime factors of 299282686?
2, 149641343
What are the prime factors of 58856985?
3, 5, 11, 118903
What are the prime factors of 605172593?
2239, 270287
What are the prime factors of 172681118?
2, 61, 1415419
List the prime factors of 80881738.
2, 7, 251, 23017
List the prime factors of 2487983580.
2, 3, 5, 4607377
What are the prime factors of 798769025?
5, 19, 1681619
List the prime factors of 69451279.
69451279
List the prime factors of 153274312.
2, 17, 421, 2677
What are the prime factors of 173680545?
3, 5, 11578703
What are the prime factors of 36991845?
3, 5, 11, 74731
List the prime factors of 125907859.
7, 11, 461, 3547
List the prime factors of 2898982987.
17, 43, 263, 887
List the prime factors of 318613161.
3, 106204387
List the prime factors of 1272873468.
2, 3, 617, 171917
What are the prime factors of 16784175?
3, 5, 31, 7219
What are the prime factors of 167311638?
2, 3, 13, 199, 3593
List the prime factors of 19329886.
2, 547, 17669
List the prime factors of 2116529042.
2, 5333, 198437
What are the prime factors of 74244280?
2, 5, 11, 168737
List the prime factors of 440213250.
2, 3, 5, 586951
List the prime factors of 1747285350.
2, 3, 5, 3413
List the prime factors of 65374208.
2, 137, 233
List the prime factors of 115845221.
373, 310577
List the prime factors of 215283050.
2, 5, 4305661
List the prime factors of 547740416.
2, 2139611
List the prime factors of 285219457.
83, 89, 38611
List the prime factors of 164884721.
164884721
What are the prime factors of 177212875?
5, 7, 202529
What are the prime factors of 6804793?
19, 43, 8329
List the prime factors of 115804978.
2, 57902489
List the prime factors of 417800747.
7, 13, 19, 241643
List the prime factors of 28920093.
3, 9640031
What are the prime factors of 712221177?
3, 37, 61, 293, 359
List the prime factors of 33847228.
2, 8461807
What are the prime factors of 104600259?
3, 11622251
What are the prime factors of 11002408?
2, 827, 1663
List the prime factors of 5230212018.
2, 3, 71, 1103, 11